 of (-1158)/q + (-8)/(-6) - -3?
3
Let x(u) = -20*u + 2. Let c be x(30). Let k = 140 - c. What is the units digit of k?
8
Let o be ((-936)/(-180))/(2/365). Suppose 3*p - 5*u - 1426 = 0, 9*p - o = 7*p + 3*u. What is the hundreds digit of p?
4
Let o = 264 - -406. Suppose o = 3*v - 344. What is the units digit of v?
8
Suppose 417497 + 682473 = 30*u + 282950. What is the tens digit of u?
3
Let t = 58 + -17. Let z = 7 + t. What is the units digit of z/(1 + 1)*7/3?
6
Suppose 5636 = 2*f - 2*v - 23562, 10*f + 5*v - 145900 = 0. What is the hundreds digit of f?
5
Let i(g) = 3*g**3 - 2*g**2 - 2*g - 1. Let n be i(-1). Let b(m) = -m - 2. Let r be b(n). Suppose 0*c + 204 = r*c. What is the units digit of c?
2
Let f(z) = -z**3 + 12*z**2 + 12*z - 33. Let y be f(9). Let t = -283 + y. What is the units digit of t?
5
Let b = 11686 + 18227. What is the units digit of b?
3
Let s = -892 - 150. Let p = s - -1532. What is the hundreds digit of p?
4
What is the units digit of ((-2958)/522)/(2/(-2778))?
1
Let u be 4988/(-8) + -1 - 1/(-2). Let v = u + 1188. What is the units digit of v?
4
Suppose -2*m + 2*k + 24 = -k, 38 = 3*m - 5*k. What is the hundreds digit of ((-9)/m)/(33/(-19052))?
8
Suppose 0 = g + l, 2*g - 5*l = -l. Suppose w = 4*u - 2820 + 670, g = 3*u - 4*w - 1606. What is the tens digit of u?
3
Let i(p) = -130*p - 64. Let v be i(17). What is the thousands digit of v/(-14)*308/44?
1
Let b(i) = -3*i + 19. Let d(k) = k + 1. Let s(r) = b(r) + 4*d(r). What is the units digit of s(-5)?
8
Suppose 3*u = -21*u + 285888. Suppose -22*j + u - 4454 = 0. What is the hundreds digit of j?
3
Let g(s) = 2*s**2 - 17*s + 78. Let c be g(17). Suppose -427 = -2*i - 3*j, 3*i - c = -2*j + 266. What is the hundreds digit of i?
2
Suppose -3*j + 21 = o, 0*o - 15 = 5*o. Suppose 9*d = j*d + 3. What is the units digit of (d/6 - (-2 + 2))*18?
9
Let f(i) = i**3 + i**2 - i + 21. Let o be f(0). Suppose o - 47 = -r. Suppose -5*x + 114 = -r. What is the tens digit of x?
2
Let t be 10*(15/(-10) - -2). Suppose -t*m + 9000 = 19*m. What is the tens digit of m?
7
What is the tens digit of (-1368663)/(-2012) - (3/(-4) + 0)?
8
Let l be 10*(12/15 - 0). Let k be (l/(-36)*-6)/(4/6). Suppose -k*w + 79 = 3*w - 3*c, 10 = 5*c. What is the tens digit of w?
1
Suppose 30*u - 18927 - 1503 = 0. What is the units digit of u?
1
Let t be 558/(-24) + (-2)/(-8). Let p = 33 + t. What is the units digit of (7 - p)/((-1)/6*2)?
9
Let g(m) = -27*m + 41. Let b be g(9). Let d = -197 - b. What is the units digit of d?
5
Let z = -381 - -539. Suppose -154 - z = -8*j. What is the units digit of j?
9
Suppose 0 = -16*x - 4*x + 55440. Suppose 12*q - x = 9*q. What is the tens digit of q?
2
Suppose 3*m - 5*m + 4 = 0. Suppose -3*g = m*y - 1603, 0*y + 2669 = 5*g + 2*y. What is the units digit of g?
3
Let j be (-3)/1*(5 - (-1 + 8)). Suppose -j*v + 994 + 1094 = 0. What is the units digit of v?
8
Suppose -3519 = -s + 5*f + 4547, 3*f = 21. What is the hundreds digit of s?
1
Let c = -28209 - -47452. What is the tens digit of c?
4
Suppose 0 = -3*m + 5*x + 65 + 396, 3*m = -5*x + 481. Suppose m*p - 17982 = 139*p. What is the units digit of p?
9
Let i(t) = 3*t - 23. Let b be i(10). Let z(m) = m**3 - 7*m**2 + 4. Let u be z(b). Suppose g = 2*s + s - 125, g = u*s - 166. What is the units digit of s?
1
Let p = 72230 + -50428. What is the tens digit of p?
0
Let i(j) = j**3 - 113*j**2 - 295*j + 1150. What is the units digit of i(116)?
8
Let s be (-1091)/(-1) + 7*(-2)/(-14). Suppose -4*f = -l - 4*l + 2763, -5*f = 2*l - s. What is the hundreds digit of l?
5
Suppose 170625 = 291300*n - 291297*n. What is the hundreds digit of n?
8
Suppose -8 + 4 = -4*l. Let c be (-4)/8*(l + 7). Let g(v) = -8*v + 6. What is the tens digit of g(c)?
3
Let s = 3740 - -5954. What is the tens digit of s?
9
Let y(s) = -9*s**2 + 18*s - 51. Let r be y(8). Let b = 14 - r. What is the hundreds digit of b?
4
Suppose -3*b - 56*r + 60*r = -41954, -b = 5*r - 14010. What is the units digit of b?
0
Let p = -109 + 111. Suppose 8 = -p*l - 40. What is the units digit of 2 + ((-2716)/l - 3/18)?
5
Let t(m) = m**2 - 57*m - 419. What is the hundreds digit of t(-87)?
1
What is the units digit of (-21 - 255/(-15))/(4/(-1334))?
4
Let h be (-60)/(-75) - 174/5. Let b = h + 10. What is the units digit of 857/9 - b/(-108)?
5
Let a(g) = 2*g**2 + 10*g - 214. Let j be a(-19). Let f = j + -239. What is the tens digit of f?
7
Suppose -4*p = 2 - 22. Suppose p*t - 1205 = 695. Suppose 10*r - t = 5*r. What is the tens digit of r?
7
What is the tens digit of (10 - 9 - 21) + 21273?
5
Let j(c) be the third derivative of c**5/60 + 11*c**4/24 + 5*c**3 + 3*c**2 + 2*c. What is the units digit of j(0)?
0
What is the tens digit of (4 + 143/(-39))*12801*1?
6
Suppose -67*o + 90777 = 22*o - 171150. What is the tens digit of o?
4
Let a be 213/(-9)*(-493 + 7). Suppose a - 2862 = 24*t. What is the units digit of t?
0
Let s(p) be the second derivative of p**5/20 - 19*p**4/12 - 5*p**3/2 + 34*p**2 - 38*p + 2. What is the units digit of s(20)?
8
Let t(l) = l**2 + 21*l - 176. Let q be t(23). Suppose 2*w + q = 980. What is the tens digit of w?
7
Suppose -10*v - 5688 = -16*v. What is the units digit of ((3 + 12)/(-3))/((-6)/v)?
0
Let m(j) = 8*j**2 + 4*j + 15 + 2 - 6 - 4. Let h be m(-3). Suppose -230 = -h*n + 62*n. What is the tens digit of n?
4
Let f(p) = 16*p + 0*p**2 + 19 + 2*p - p**2 + 4. Let c be f(19). Suppose 4*x = 5*y - 747, -212 = c*y + 3*x - 822. What is the tens digit of y?
5
What is the tens digit of ((-126)/(-693) - (-79)/(-11))/(3/(-17871))?
9
Let o(b) = -b**3 - b**2 - 7*b - 11. Let a(h) = h**3 + 8*h**2 + 14*h + 11. Let n be a(-5). Suppose -n*k = 8 + 56. What is the tens digit of o(k)?
6
Let n be 3/(49124/(-7016) - -7). Let y = -894 - n. What is the tens digit of y?
6
What is the tens digit of 3429/9 + (5 - 20)?
6
Let o(p) = 1689*p + 1995. What is the tens digit of o(12)?
6
Suppose -22 = -3*v - 1. Let d = -52 + 47. What is the units digit of (1 + -67)/(-1) + d + v?
8
Suppose 2*d + 45*g - 41*g - 57732 = 0, 5*g = -3*d + 86602. What is the thousands digit of d?
8
Let m = -193 - -474. Let z = -254 - -91. Let s = z + m. What is the tens digit of s?
1
Let p(i) = -2*i**3 - 92*i**2 - 13*i - 18. What is the tens digit of p(-47)?
1
Let k = -40 - -40. Let w be -230*(k/2 - -1). Let p = w + 347. What is the tens digit of p?
1
Let w(i) = -11*i - 50. Let k be w(-16). Let d(y) = y**2 - 18*y - 17. Let o be d(19). Suppose o*u - k = 4*n, -n = -5*u + u + 224. What is the tens digit of u?
5
Suppose -6*q + 10*q = -668. Let d = q + 212. What is the tens digit of d?
4
Let v = 18916 - 6839. What is the thousands digit of v?
2
Let l = 96 + -71. Let z = l - -74. What is the units digit of z?
9
Suppose -5*l - 3*b + 48243 = 0, 155*b - 154*b - 38586 = -4*l. What is the units digit of l?
5
Let o(u) = 2*u**2 - u - 4. Let i(m) = m**2 - 4. Let c(g) = 3*i(g) - 2*o(g). Let a be c(4). Let y(q) = 2*q**2 + 18*q + 10. What is the tens digit of y(a)?
8
Let x(u) = -154*u**2 - 162*u**2 + 20*u + 475*u**2 - 157*u**2 - 8 - 3*u**3. What is the hundreds digit of x(-6)?
5
Let g(v) = -45*v + 4. Let q be g(-10). Suppose 0 = -9*o + q + 1139. What is the units digit of o?
7
Suppose -9137 - 23767 = -i + c, -3*c = 6. What is the hundreds digit of i?
9
What is the units digit of 41/(-820) - 703202/(-40)?
0
Suppose 0 = 5*l - 3*r - 205838, -5*l - 24*r + 205842 = -26*r. What is the ten thousands digit of l?
4
Let q be 16 + -13 + -148 + 0. Let z = 6 - q. What is the tens digit of z?
5
Suppose -5*b - 6*b - 341 = 0. Let g = b - -38. Suppose 628 = g*y - 541. What is the hundreds digit of y?
1
Let f = -70 - -71. Let k be 547*(f + (-3 - -6 - 3)). Suppose k = 4*j + 5*n + 130, -111 = -j + n. What is the hundreds digit of j?
1
Let v(y) be the second derivative of y**4/6 - y**3/2 + 9*y**2 + 65*y + 2. Suppose t = 4*z + 16, -5*t - 2*z - 12 = z. What is the units digit of v(t)?
8
Suppose 0 = -j - 55 + 51. Let y be 6 - 4 - (j + 1). Suppose -3*k = -y*k + 386. What is the hundreds digit of k?
1
Suppose 0 = -2*y + 2*o - 18, 5*y - 3*o = o - 48. Suppose 12 = -2*s - 2*s + 4*p, -2 = 2*s + 2*p. What is the units digit of 1024/10 + s + y/(-20)?
1
Suppose 0 = -2*x - 2*h - 2, 4*x - 3*h - 5 = 2*h. Suppose x = 2*s - 5*y - 123, -5*y + 10*y - 93 = -2*s. What is the units digit of s?
4
Let h(k) = -k**3 -